/(-3)). What are the prime factors of (-5)/((-20)/36) + g?
2, 5
Suppose 0 = -g - 4*g + w + 149, 0 = 4*g - 5*w - 136. What are the prime factors of g?
29
Let g = 28 + -16. Suppose 0 = x - 2 - g. List the prime factors of x.
2, 7
Let o(a) be the first derivative of -2 + 3*a**2 - 4*a - a**2 + 0*a**2. What are the prime factors of o(3)?
2
Suppose 2*p = 5*a - 10, 2*p + 3*a + 20 = -2*p. Let s(g) = 2*g + 2. Let o be s(p). Let w = o + 11. What are the prime factors of w?
3
Suppose 6 - 2 = -r. Let x = 7 + r. List the prime factors of x.
3
Let t = 22 + -31. Let b be (2/(-3))/(6/t). Let p = b + 11. What are the prime factors of p?
2, 3
Suppose -2*f + 3*f = 18. Let g be f/((-7)/((-14)/4)). Let c = 5 + g. List the prime factors of c.
2, 7
Let k = -1 + 1. Suppose 5*v - v - 84 = k. Suppose 4*f + v - 4 = -5*w, -25 = 5*w. List the prime factors of f.
2
Let s(p) = 20*p**2 - p + 1. Let i be s(1). Suppose 5*v + 15 = 0, 0*z - 4*z = 4*v + i. Let r = z - -16. What are the prime factors of r?
2, 7
Suppose 0 = 3*a + 5*g + 9, -2*g - 2*g - 10 = a. Let v be (-1 + a)*-3 + -1. Let c(l) = l**2 + l. List the prime factors of c(v).
2, 3
Let b(h) = -h**2 + 2*h + 3. Let f be b(5). Let c be (-4)/f*(27 + 0). List the prime factors of -3 - (2 - c) - 0.
2
Let u = 81 - 33. List the prime factors of u.
2, 3
Let k = -53 + 16. Let m = -22 - k. Suppose m + 24 = 3*s. List the prime factors of s.
13
List the prime factors of (-53)/(-2)*(8 - 6).
53
Let u be ((-18)/(-2))/3 + 1. Suppose -7*g - u = -9*g. Suppose -4*d + 4 = 2*f, -5*d - g*f - 3*f = 0. List the prime factors of d.
2
List the prime factors of -12*11*(2 - (-6)/(-2)).
2, 3, 11
Let k(i) = -3*i + 0 - 3 - 2*i + 0*i. Let j be k(-7). Suppose -7*u + j = -3*u. List the prime factors of u.
2
Let n(i) be the third derivative of -i**5/60 - 3*i**4/8 + 5*i**3/3 + 2*i**2. What are the prime factors of n(-9)?
2, 5
Let d(i) = i**2 + 4*i + 3. Let n be d(-3). Suppose -2*v + 28 = -18. Suppose n*k + k = 4*t - 79, -3*k = t - v. List the prime factors of t.
2, 5
Let p = 117 - 62. List the prime factors of p.
5, 11
Let c be -3 - (-3)/((-3)/(-2)). Let w = 2 - c. Let b = w - -8. What are the prime factors of b?
11
Let a(h) = -h - 1. Let p be a(1). Let w = p - -5. Suppose -3*x + 18 = u, 5*u = w*x - x + 56. What are the prime factors of u?
2, 3
Suppose -4*n = -3*j - 2 + 7, -n = 2*j - 7. Suppose -j*s = -73 + 19. List the prime factors of s.
2, 3
Suppose 0 = -2*q - 3*h + 9, -2*h = 5*q - 3 - 3. Suppose 5*s - o + q - 16 = 0, -4*s = 4*o - 32. List the prime factors of s.
2
Let r = -114 - -201. What are the prime factors of r?
3, 29
Let u(z) = -z - 1. Let b be u(-8). Let q(r) = 2*r + b*r**3 + 5*r**2 + r**2 + 1 - 5*r**2 - 22*r**3. What are the prime factors of q(-1)?
3, 5
Let p = 22 - 5. List the prime factors of p.
17
What are the prime factors of 40*((-68)/(-12) - (-1)/(-6))?
2, 5, 11
Let f(x) = -x + 2*x + x**2 - 3 - 8*x - x. Let p be f(-5). Suppose 18 + p = 4*s. List the prime factors of s.
2, 5
Suppose -27 = -5*r - 4*q, 12 = -3*r + 5*r + 2*q. Suppose -4*y + 13 = -r*y. What are the prime factors of y?
13
Let d = -112 + 166. List the prime factors of d.
2, 3
Let k(s) = -s**3 + 2*s**2 + 3*s - 3. Let h be -2 + 0 - 16/(-4). What are the prime factors of k(h)?
3
Suppose -7*y = -4*y - 42. List the prime factors of y.
2, 7
Suppose j - 90 = 6*j. Let q be 0/(-3) + j - 2. What are the prime factors of q/(-9) + 4/(-18)?
2
Suppose -7*h + 3540 = 5*h. What are the prime factors of h?
5, 59
Suppose 5*q = 20, 5*v - q - 33 = 163. Suppose 3*k + 1 - 19 = 0. Suppose k*r = r + v. What are the prime factors of r?
2
Suppose 77 + 82 = 2*k - 3*q, 2*q + 77 = k. List the prime factors of k.
3, 29
Suppose 2*u = w - 3, 3*u + 5*w + 12 = -12. Let o be (26/2)/(u/(-12)). Suppose 0*h - 4*h = -o. What are the prime factors of h?
13
Let k(d) = -4 - d**3 - d - 9*d - 10*d**2 + 20*d. What are the prime factors of k(-11)?
7
Let a be (1 - 0)/((-2)/4). Let x = 1 - a. List the prime factors of x.
3
Let w = -2 + 4. Suppose 5*g + w*p - 298 = 0, 0 = -g - g + 2*p + 122. Suppose 0 = -7*o + 4*o + g. What are the prime factors of o?
2, 5
Let x be (6/9)/((-2)/3). Let o = -8 - -14. Let k = x + o. List the prime factors of k.
5
Suppose 0 = -4*r + 75 - 15. Let a = -10 + r. List the prime factors of a.
5
List the prime factors of (-1 - 1) + (-3 - -4) + 19.
2, 3
Let i(l) = -20*l - 94. What are the prime factors of i(-6)?
2, 13
Let b be (8/10)/(4/10). Suppose -t - b*v = -19, 3*t - 5*v - 8 = 16. List the prime factors of t.
13
Let s be (-558)/(-135) + (-2)/15. Suppose -s*y + 2*k + 0*k = -68, -4*y = 3*k - 58. What are the prime factors of y?
2
Suppose 2*d = 1 + 5. Let s be -1 + d/3 + 2. List the prime factors of (-150)/(-14) - s/(-7).
11
Let a be (-54)/(-5) + 4/20. Suppose 4*u - 77 - a = h, 5*u - 113 = 2*h. What are the prime factors of u?
3, 7
Let k(l) = l**2 - 11*l + 12. Let n(b) = -2*b - 6*b**2 - 9*b + 7*b**2 - 8 + 20. Let o(d) = -5*k(d) + 4*n(d). List the prime factors of o(8).
2, 3
Let o(l) = l**2 + l - 4. Let r(m) = -m**3 - 4*m**2 + 3. Let k be r(-4). List the prime factors of o(k).
2
List the prime factors of (-2 + 2/3)*-12.
2
Suppose -4*h + 6 + 6 = 0. Suppose -h*v + 14 = 3*z + v, -z + 4*v = 6. Suppose -6 + z = -p. What are the prime factors of p?
2
Let r = -108 - -259. List the prime factors of r.
151
Let p(d) be the third derivative of d**7/1260 - d**4/8 + 3*d**2. Let c(u) be the second derivative of p(u). List the prime factors of c(1).
2
Let o(v) = 21*v - 1. Let u be ((-2)/(-3))/(4/6). What are the prime factors of o(u)?
2, 5
Let f(a) be the first derivative of a**4/4 - 2*a**3 - 3*a**2 + 6*a + 12. Suppose 0 = -5*j + 19 + 16. List the prime factors of f(j).
13
Suppose -2*g + 3 = -5. Let r be 1 + -3 + -2 + g. Let k(u) = u + 5. List the prime factors of k(r).
5
Suppose -2 + 6 = 3*x + 2*h, 2*x = -4*h. Suppose -3*k - 1 = -u, 3*k - 53 = -3*u + x*k. List the prime factors of u.
2
Let j(i) = i**2 + 11*i + 12. What are the prime factors of j(-11)?
2, 3
List the prime factors of (4/(-5))/((-2)/25).
2, 5
Let p be (0*2/(-2))/2. Let c(v) = v + 19. List the prime factors of c(p).
19
Suppose 15 = 5*v - 2*v. Let u(w) = 12*w + 2. Let m(k) = 6*k + 1. Let b(p) = v*m(p) - 3*u(p). List the prime factors of b(-2).
11
Suppose j + 0*j - 16 = -4*o, 3*o = -4*j - 1. Let i(v) = v**2 - v. What are the prime factors of i(j)?
2, 5
List the prime factors of 1 - (0 + -6 + 3).
2
List the prime factors of (-25)/2*(-4 + 0).
2, 5
Suppose 2*g - 2 = -0. What are the prime factors of g*-44*51/(-68)?
3, 11
Suppose 8 = -5*i + i. Let r be 8/4*(-5)/i. Suppose c - 2 = -k, r = -3*k + 5*c + 11. What are the prime factors of k?
2
Let r = 10 + -7. Suppose g = -r*g + 8. What are the prime factors of g?
2
Suppose -8*i + 158 + 10 = 0. List the prime factors of i.
3, 7
Let y(j) = -2*j**3 - 4*j**2 - 2*j - 3. Let p = -13 - -10. What are the prime factors of y(p)?
3, 7
Suppose 0 + 2 = -2*t. Let j be (-4 - t)/((-6)/4). What are the prime factors of 22/6 + j/(-3)?
3
What are the prime factors of (3 - 15/4)/((-2)/32)?
2, 3
Let y = 3 - 0. Let q be 2/y + 32/6. Let k(j) = -j**2 + 8*j - 5. List the prime factors of k(q).
7
Let g(b) = b**2 + 2*b + 14. What are the prime factors of g(-6)?
2, 19
Let v = 27 + -33. Let y(k) be the first derivative of k**4/4 + 7*k**3/3 + 5*k**2/2 + 2*k - 1. List the prime factors of y(v).
2
Let w(p) be the third derivative of 11*p**6/120 + p**5/30 - p**4/24 - p**2. What are the prime factors of w(1)?
2, 3
Let d(n) = n**3 - 9*n**2 + 8*n + 7. List the prime factors of d(8).
7
Let y = 10 + -7. Suppose -z + 13 = -2*a, y*z - 5*a - 13 = 2*z. List the prime factors of z.
13
Let f(r) = 4*r**2 + r + 1. Suppose 0 = 2*v + 2 - 0. Let b be f(v). Suppose -1 = -x + b. What are the prime factors of x?
5
Let z be 1/(-2) - 371/(-2). Suppose -2*p + x = -0*p - 76, 5*p - z = 5*x. What are the prime factors of p?
3, 13
Suppose 5*u = -0*u + 20. Suppose 79 - u = 5*k. List the prime factors of k.
3, 5
Let b be (-2)/(-6) - (-136)/6. Let j = b - 14. What are the prime factors of j?
3
Suppose 0 = 3*w + 2*w + 45. Let t = w - -8. List the prime factors of (0/1 + -7)*t.
7
Let a(u) = 2*u. Let y be a(3). Suppose y*o = o + 10. List the prime factors of o.
2
Suppose -8 = -4*d, -4 = -2*l - 2*d + 2. Suppose -5*v - 4*u = 9 + l, 0 = 5*u. List the prime factors of (-11)/v - 1/